{"id":727,"date":"2026-02-27T16:49:12","date_gmt":"2026-02-27T14:49:12","guid":{"rendered":"https:\/\/letrum.ee\/?post_type=product&#038;p=727"},"modified":"2026-02-27T16:57:15","modified_gmt":"2026-02-27T14:57:15","slug":"jasic-auto-darkening-keevitus-ja-lihvimismask","status":"publish","type":"product","link":"https:\/\/letrum.ee\/?product=jasic-auto-darkening-keevitus-ja-lihvimismask","title":{"rendered":"Jasic Auto Darkening keevitus- ja lihvimismask"},"content":{"rendered":"<h3 data-path-to-node=\"8\"><b data-path-to-node=\"8\" data-index-in-node=\"0\">Toote detailne kirjeldus<\/b><\/h3>\n<p data-path-to-node=\"9\">Jasic kiiver \u00fchendab endas tipptehnoloogia ja ergonoomilise disaini, muutes igap\u00e4evased keevitus- ja lihvimist\u00f6\u00f6d efektiivsemaks.<\/p>\n<ul data-path-to-node=\"10\">\n<li>\n<p data-path-to-node=\"10,0,1\"><span data-path-to-node=\"10,0,1,0\"><b data-path-to-node=\"10,0,1,0\" data-index-in-node=\"0\"><span class=\"citation-902\">T\u00e4iustatud optika:<\/span><\/b><span class=\"citation-902\"> True Colour tehnoloogia tagab realistliku vaate t\u00f6\u00f6alast, v\u00e4hendades silmade v\u00e4simust<\/span><\/span><span data-path-to-node=\"10,0,1,2\">.<\/span><\/p>\n<div class=\"source-inline-chip-container ng-star-inserted\"><\/div>\n<\/li>\n<li>\n<p data-path-to-node=\"10,1,1\"><span data-path-to-node=\"10,1,1,0\"><b data-path-to-node=\"10,1,1,0\" data-index-in-node=\"0\"><span class=\"citation-901\">Digitaalne reguleerimine:<\/span><\/b><span class=\"citation-901\"> T\u00e4ielikult muudetavad tumedusastmed (5\u20138 ja 9\u201313) v\u00f5imaldavad sujuvat \u00fcleminekut erinevate t\u00f6\u00f6\u00fclesannete vahel ilma kiivrit eemaldamata<\/span><\/span><span data-path-to-node=\"10,1,1,2\">.<\/span><\/p>\n<div class=\"source-inline-chip-container ng-star-inserted\"><\/div>\n<\/li>\n<li>\n<p data-path-to-node=\"10,2,1\"><span data-path-to-node=\"10,2,1,0\"><b data-path-to-node=\"10,2,1,0\" data-index-in-node=\"0\"><span class=\"citation-900\">Kiirus ja ohutus:<\/span><\/b><span class=\"citation-900\"> Neli kaaresensorit ja v\u00e4lgukiire 0,1 ms l\u00fclitusaeg tagavad kohese kaitse UV\/IR-kiirguse eest<\/span><\/span><span data-path-to-node=\"10,2,1,2\">.<\/span><\/p>\n<div class=\"source-inline-chip-container ng-star-inserted\"><\/div>\n<\/li>\n<li>\n<p data-path-to-node=\"10,3,1\"><span data-path-to-node=\"10,3,1,0\"><b data-path-to-node=\"10,3,1,0\" data-index-in-node=\"0\"><span class=\"citation-899\">Kasutusmugavus:<\/span><\/b><span class=\"citation-899\"> Ultra-kerge kaal (vaid 536 g) ja t\u00e4ielikult reguleeritavad pearakmed v\u00e4hendavad koormust kaelale ja peale<\/span><\/span><span data-path-to-node=\"10,3,1,2\">.<\/span><\/p>\n<div class=\"source-inline-chip-container ng-star-inserted\"><\/div>\n<\/li>\n<li>\n<p data-path-to-node=\"10,4,1\"><span data-path-to-node=\"10,4,1,0\"><b data-path-to-node=\"10,4,1,0\" data-index-in-node=\"0\"><span class=\"citation-898\">Mitmek\u00fclgsus:<\/span><\/b><span class=\"citation-898\"> V\u00e4lise l\u00fcliti abil saab kiiresti vahetada keevitus- ja lihvimisre\u017eiimide vahel<\/span><\/span><span data-path-to-node=\"10,4,1,2\">.<\/span><\/p>\n<div class=\"source-inline-chip-container ng-star-inserted\"><\/div>\n<\/li>\n<li>\n<p id=\"p-rc_def7c460c9918a01-411\" data-path-to-node=\"10,5,1\"><span data-path-to-node=\"10,5,1,0\"><b data-path-to-node=\"10,5,1,0\" data-index-in-node=\"0\"><span class=\"citation-897\">T\u00f6\u00f6kindlus:<\/span><\/b><span class=\"citation-897\"> Aku eluiga on ligikaudu 1 000 t\u00f6\u00f6tundi ning digitaalne ekraan annab operatiivset infot aku staatuse kohta<\/span><\/span><span data-path-to-node=\"10,5,1,2\">.<\/span><\/p>\n<\/li>\n<li>\n<table data-path-to-node=\"13\">\n<thead>\n<tr>\n<td><strong>N\u00e4itaja<\/strong><\/td>\n<td><strong>Kirjeldus<\/strong><\/td>\n<\/tr>\n<\/thead>\n<tbody>\n<tr>\n<td><span data-path-to-node=\"13,1,0,0\"><b data-path-to-node=\"13,1,0,0\" data-index-in-node=\"0\">Tellimuskood<\/b><\/span><\/td>\n<td><span data-path-to-node=\"13,1,1,0\">JH-HDX<\/span><\/td>\n<\/tr>\n<tr>\n<td><span data-path-to-node=\"13,2,0,0\"><b data-path-to-node=\"13,2,0,0\" data-index-in-node=\"0\">Tumedusastmed<\/b><\/span><\/td>\n<td><span data-path-to-node=\"13,2,1,0\">5\u20138 ja 9\u201313 (muutuv)<\/span><\/td>\n<\/tr>\n<tr>\n<td><span data-path-to-node=\"13,3,0,0\"><b data-path-to-node=\"13,3,0,0\" data-index-in-node=\"0\">Vaateala<\/b><\/span><\/td>\n<td><span data-path-to-node=\"13,3,1,0\">98 x 51 mm<\/span><\/td>\n<\/tr>\n<tr>\n<td><span data-path-to-node=\"13,4,0,0\"><b data-path-to-node=\"13,4,0,0\" data-index-in-node=\"0\">L\u00fclitumiskiirus<\/b><\/span><\/td>\n<td><span data-path-to-node=\"13,4,1,0\">0,1 ms<\/span><\/td>\n<\/tr>\n<tr>\n<td><span data-path-to-node=\"13,5,0,0\"><b data-path-to-node=\"13,5,0,0\" data-index-in-node=\"0\">Kaaresensorid<\/b><\/span><\/td>\n<td><span data-path-to-node=\"13,5,1,0\">4<\/span><\/td>\n<\/tr>\n<tr>\n<td><span data-path-to-node=\"13,6,0,0\"><b data-path-to-node=\"13,6,0,0\" data-index-in-node=\"0\">Kaal<\/b><\/span><\/td>\n<td><span data-path-to-node=\"13,6,1,0\">536 g<\/span><\/td>\n<\/tr>\n<tr>\n<td><span data-path-to-node=\"13,7,0,0\"><b data-path-to-node=\"13,7,0,0\" data-index-in-node=\"0\">Garantii (filter)<\/b><\/span><\/td>\n<td><span data-path-to-node=\"13,7,1,0\">3 aastat<\/span><\/td>\n<\/tr>\n<tr>\n<td><span data-path-to-node=\"13,8,0,0\"><b data-path-to-node=\"13,8,0,0\" data-index-in-node=\"0\">Br\u00e4nd<\/b><\/span><\/td>\n<td><span data-path-to-node=\"13,8,1,0\">STARPARTS<\/span><\/td>\n<\/tr>\n<\/tbody>\n<\/table>\n<\/li>\n<\/ul>\n","protected":false},"excerpt":{"rendered":"<p><b data-path-to-node=\"6\" data-index-in-node=\"0\">Jasic Auto Darkening<\/b> on professionaalne keevitus- ja lihvimiskiiver, mis on loodud n\u00f5udlikule keevitajale. Varustatud tipptasemel <b data-path-to-node=\"6\" data-index-in-node=\"130\">True Colour<\/b> tehnoloogia ja digitaalse automaatselt tumeneva filtriga (ADF), pakub see kiiver erakordset v\u00e4rvide selgust, kiiret reaktsiooniaega ja \u00fclimat kaitset, tagades t\u00e4pse ning mugava t\u00f6\u00f6 ka pikkade vahetuste jooksul.<\/p>\n","protected":false},"featured_media":728,"comment_status":"open","ping_status":"closed","template":"","meta":[],"product_brand":[],"product_cat":[70],"product_tag":[],"class_list":{"0":"post-727","1":"product","2":"type-product","3":"status-publish","4":"has-post-thumbnail","6":"product_cat-keevitus-maskid","8":"first","9":"instock","10":"shipping-taxable","11":"purchasable","12":"product-type-simple"},"jetpack_sharing_enabled":true,"_links":{"self":[{"href":"https:\/\/letrum.ee\/index.php?rest_route=\/wp\/v2\/product\/727","targetHints":{"allow":["GET"]}}],"collection":[{"href":"https:\/\/letrum.ee\/index.php?rest_route=\/wp\/v2\/product"}],"about":[{"href":"https:\/\/letrum.ee\/index.php?rest_route=\/wp\/v2\/types\/product"}],"replies":[{"embeddable":true,"href":"https:\/\/letrum.ee\/index.php?rest_route=%2Fwp%2Fv2%2Fcomments&post=727"}],"wp:featuredmedia":[{"embeddable":true,"href":"https:\/\/letrum.ee\/index.php?rest_route=\/wp\/v2\/media\/728"}],"wp:attachment":[{"href":"https:\/\/letrum.ee\/index.php?rest_route=%2Fwp%2Fv2%2Fmedia&parent=727"}],"wp:term":[{"taxonomy":"product_brand","embeddable":true,"href":"https:\/\/letrum.ee\/index.php?rest_route=%2Fwp%2Fv2%2Fproduct_brand&post=727"},{"taxonomy":"product_cat","embeddable":true,"href":"https:\/\/letrum.ee\/index.php?rest_route=%2Fwp%2Fv2%2Fproduct_cat&post=727"},{"taxonomy":"product_tag","embeddable":true,"href":"https:\/\/letrum.ee\/index.php?rest_route=%2Fwp%2Fv2%2Fproduct_tag&post=727"}],"curies":[{"name":"wp","href":"https:\/\/api.w.org\/{rel}","templated":true}]}}