{"id":702,"date":"2026-02-27T15:36:36","date_gmt":"2026-02-27T13:36:36","guid":{"rendered":"https:\/\/letrum.ee\/?post_type=product&#038;p=702"},"modified":"2026-02-27T15:46:14","modified_gmt":"2026-02-27T13:46:14","slug":"wilkinson-star-titanium-mig-kapp-euro-3-5m","status":"publish","type":"product","link":"https:\/\/letrum.ee\/?product=wilkinson-star-titanium-mig-kapp-euro-3-5m","title":{"rendered":"Wilkinson Star TITANIUM Mig k\u00e4pp Euro 3-5M"},"content":{"rendered":"<p data-path-to-node=\"6\">Titanium-seeria on v\u00e4lja t\u00f6\u00f6tatud neile, kes ei tee kvaliteedis j\u00e4releandmisi. Need p\u00f5letid on tuntud oma t\u00f6\u00f6kindluse ja pika eluea poolest, olles ideaalne valik pikaajalisteks ja intensiivseteks keevitust\u00f6\u00f6deks.<\/p>\n<p data-path-to-node=\"7\"><b data-path-to-node=\"7\" data-index-in-node=\"0\">Peamised eelised:<\/b><\/p>\n<ul data-path-to-node=\"8\">\n<li style=\"list-style-type: none;\">\n<ul data-path-to-node=\"8\">\n<li>\n<p data-path-to-node=\"8,0,0\"><b data-path-to-node=\"8,0,0\" data-index-in-node=\"0\">Professionaalne kvaliteet:<\/b> K\u00f5rge vastupidavusega komponendid tagavad stabiilse keevituskaare ja minimaalse hooldusvajaduse.<\/p>\n<\/li>\n<li>\n<p data-path-to-node=\"8,1,0\"><b data-path-to-node=\"8,1,0\" data-index-in-node=\"0\">T\u00e4iustatud jahutus:<\/b> Optimeeritud disain tagab efektiivse soojuse hajutamise, pikendades nii p\u00f5leti kui ka kuluosade t\u00f6\u00f6iga.<\/p>\n<\/li>\n<li>\n<p data-path-to-node=\"8,2,0\"><b data-path-to-node=\"8,2,0\" data-index-in-node=\"0\">Suurep\u00e4rane ergonoomika:<\/b> Mugav ja tasakaalustatud k\u00e4epide v\u00f5imaldab pingevaba t\u00f6\u00f6tamist ka pikkade vahetuste ajal.<\/p>\n<\/li>\n<li>\n<p data-path-to-node=\"8,3,0\"><b data-path-to-node=\"8,3,0\" data-index-in-node=\"0\">Lai valik:<\/b> Suur valik erinevaid v\u00f5imsusklassi (150A kuni 501A) ja kaabli pikkusi (3m\u20135m) v\u00f5imaldab valida t\u00e4pselt t\u00f6\u00f6 iseloomule vastava lahenduse.<\/p>\n<\/li>\n<\/ul>\n<\/li>\n<\/ul>\n<table data-path-to-node=\"7\">\n<thead>\n<tr>\n<td><strong>Mudel<\/strong><\/td>\n<td><strong>Pikkus (ft\/m)<\/strong><\/td>\n<td><strong>Hind (EUR)<\/strong><\/td>\n<\/tr>\n<\/thead>\n<tbody>\n<tr>\n<td><span data-path-to-node=\"7,1,0,0\"><b data-path-to-node=\"7,1,0,0\" data-index-in-node=\"0\">T9 \/ T9F<\/b><\/span><\/td>\n<td><span data-path-to-node=\"7,1,1,0\">12.5&#8242; (3.8m)<\/span><\/td>\n<td><span data-path-to-node=\"7,1,2,0\"><b data-path-to-node=\"7,1,2,0\" data-index-in-node=\"0\">106.00 \u20ac \/ 109.00 \u20ac<\/b><\/span><\/td>\n<\/tr>\n<tr>\n<td><span data-path-to-node=\"7,2,0,0\"><b data-path-to-node=\"7,2,0,0\" data-index-in-node=\"0\">T9 \/ T9F<\/b><\/span><\/td>\n<td><span data-path-to-node=\"7,2,1,0\">25&#8242; (7.6m)<\/span><\/td>\n<td><span data-path-to-node=\"7,2,2,0\"><b data-path-to-node=\"7,2,2,0\" data-index-in-node=\"0\">154.00 \u20ac \/ 158.00 \u20ac<\/b><\/span><\/td>\n<\/tr>\n<tr>\n<td><span data-path-to-node=\"7,3,0,0\"><b data-path-to-node=\"7,3,0,0\" data-index-in-node=\"0\">T17 \/ T17F<\/b><\/span><\/td>\n<td><span data-path-to-node=\"7,3,1,0\">12.5&#8242; (3.8m)<\/span><\/td>\n<td><span data-path-to-node=\"7,3,2,0\"><b data-path-to-node=\"7,3,2,0\" data-index-in-node=\"0\">112.00 \u20ac \/ 118.50 \u20ac<\/b><\/span><\/td>\n<\/tr>\n<tr>\n<td><span data-path-to-node=\"7,4,0,0\"><b data-path-to-node=\"7,4,0,0\" data-index-in-node=\"0\">T17 \/ T17F<\/b><\/span><\/td>\n<td><span data-path-to-node=\"7,4,1,0\">25&#8242; (7.6m)<\/span><\/td>\n<td><span data-path-to-node=\"7,4,2,0\"><b data-path-to-node=\"7,4,2,0\" data-index-in-node=\"0\">160.50 \u20ac \/ 166.50 \u20ac<\/b><\/span><\/td>\n<\/tr>\n<tr>\n<td><span data-path-to-node=\"7,5,0,0\"><b data-path-to-node=\"7,5,0,0\" data-index-in-node=\"0\">T18 \/ T18F<\/b><\/span><\/td>\n<td><span data-path-to-node=\"7,5,1,0\">12.5&#8242; (3.8m)<\/span><\/td>\n<td><span data-path-to-node=\"7,5,2,0\"><b data-path-to-node=\"7,5,2,0\" data-index-in-node=\"0\">124.50 \u20ac \/ 136.50 \u20ac<\/b><\/span><\/td>\n<\/tr>\n<tr>\n<td><span data-path-to-node=\"7,6,0,0\"><b data-path-to-node=\"7,6,0,0\" data-index-in-node=\"0\">T18 \/ T18F<\/b><\/span><\/td>\n<td><span data-path-to-node=\"7,6,1,0\">25&#8242; (7.6m)<\/span><\/td>\n<td><span data-path-to-node=\"7,6,2,0\"><b data-path-to-node=\"7,6,2,0\" data-index-in-node=\"0\">197.00 \u20ac \/ 216.00 \u20ac<\/b><\/span><\/td>\n<\/tr>\n<tr>\n<td><span data-path-to-node=\"7,7,0,0\"><b data-path-to-node=\"7,7,0,0\" data-index-in-node=\"0\">T20 \/ T20F<\/b><\/span><\/td>\n<td><span data-path-to-node=\"7,7,1,0\">12.5&#8242; (3.8m)<\/span><\/td>\n<td><span data-path-to-node=\"7,7,2,0\"><b data-path-to-node=\"7,7,2,0\" data-index-in-node=\"0\">118.50 \u20ac \/ 127.50 \u20ac<\/b><\/span><\/td>\n<\/tr>\n<tr>\n<td><span data-path-to-node=\"7,8,0,0\"><b data-path-to-node=\"7,8,0,0\" data-index-in-node=\"0\">T20 \/ T20F<\/b><\/span><\/td>\n<td><span data-path-to-node=\"7,8,1,0\">25&#8242; (7.6m)<\/span><\/td>\n<td><span data-path-to-node=\"7,8,2,0\"><b data-path-to-node=\"7,8,2,0\" data-index-in-node=\"0\">158.00 \u20ac \/ 166.50 \u20ac<\/b><\/span><\/td>\n<\/tr>\n<tr>\n<td><span data-path-to-node=\"7,9,0,0\"><b data-path-to-node=\"7,9,0,0\" data-index-in-node=\"0\">T26 \/ T26F<\/b><\/span><\/td>\n<td><span data-path-to-node=\"7,9,1,0\">12.5&#8242; (3.8m)<\/span><\/td>\n<td><span data-path-to-node=\"7,9,2,0\"><b data-path-to-node=\"7,9,2,0\" data-index-in-node=\"0\">136.50 \u20ac \/ 145.00 \u20ac<\/b><\/span><\/td>\n<\/tr>\n<tr>\n<td><span data-path-to-node=\"7,10,0,0\"><b data-path-to-node=\"7,10,0,0\" data-index-in-node=\"0\">T26 \/ T26F<\/b><\/span><\/td>\n<td><span data-path-to-node=\"7,10,1,0\">25&#8242; (7.6m)<\/span><\/td>\n<td><span data-path-to-node=\"7,10,2,0\"><b data-path-to-node=\"7,10,2,0\" data-index-in-node=\"0\">184.50 \u20ac \/ 194.00 \u20ac<\/b><\/span><\/td>\n<\/tr>\n<\/tbody>\n<\/table>\n","protected":false},"excerpt":{"rendered":"<p><b data-path-to-node=\"3\" data-index-in-node=\"0\">Titanium-seeria MIG-p\u00f5letid<\/b> on tipptasemel t\u00f6\u00f6riistad, mis on loodud professionaalsetele keevitajatele. Need p\u00f5letid \u00fchendavad endas erakordse vastupidavuse, t\u00e4pse traadi etteande ja suurep\u00e4rase ergonoomika, tagades maksimaalse j\u00f5udluse ka k\u00f5ige n\u00f5udlikumates tootmistingimustes.<\/p>\n","protected":false},"featured_media":700,"comment_status":"open","ping_status":"closed","template":"","meta":[],"product_brand":[],"product_cat":[77],"product_tag":[],"class_list":{"0":"post-702","1":"product","2":"type-product","3":"status-publish","4":"has-post-thumbnail","6":"product_cat-keevitus-kapad","8":"first","9":"instock","10":"shipping-taxable","11":"purchasable","12":"product-type-simple"},"jetpack_sharing_enabled":true,"_links":{"self":[{"href":"https:\/\/letrum.ee\/index.php?rest_route=\/wp\/v2\/product\/702","targetHints":{"allow":["GET"]}}],"collection":[{"href":"https:\/\/letrum.ee\/index.php?rest_route=\/wp\/v2\/product"}],"about":[{"href":"https:\/\/letrum.ee\/index.php?rest_route=\/wp\/v2\/types\/product"}],"replies":[{"embeddable":true,"href":"https:\/\/letrum.ee\/index.php?rest_route=%2Fwp%2Fv2%2Fcomments&post=702"}],"wp:featuredmedia":[{"embeddable":true,"href":"https:\/\/letrum.ee\/index.php?rest_route=\/wp\/v2\/media\/700"}],"wp:attachment":[{"href":"https:\/\/letrum.ee\/index.php?rest_route=%2Fwp%2Fv2%2Fmedia&parent=702"}],"wp:term":[{"taxonomy":"product_brand","embeddable":true,"href":"https:\/\/letrum.ee\/index.php?rest_route=%2Fwp%2Fv2%2Fproduct_brand&post=702"},{"taxonomy":"product_cat","embeddable":true,"href":"https:\/\/letrum.ee\/index.php?rest_route=%2Fwp%2Fv2%2Fproduct_cat&post=702"},{"taxonomy":"product_tag","embeddable":true,"href":"https:\/\/letrum.ee\/index.php?rest_route=%2Fwp%2Fv2%2Fproduct_tag&post=702"}],"curies":[{"name":"wp","href":"https:\/\/api.w.org\/{rel}","templated":true}]}}