{"id":681,"date":"2026-02-27T14:56:35","date_gmt":"2026-02-27T12:56:35","guid":{"rendered":"https:\/\/letrum.ee\/?post_type=product&#038;p=681"},"modified":"2026-02-27T15:00:38","modified_gmt":"2026-02-27T13:00:38","slug":"magnum-cool-top-lamellketas-150-40","status":"publish","type":"product","link":"https:\/\/letrum.ee\/?product=magnum-cool-top-lamellketas-150-40","title":{"rendered":"Magnum Cool-Top lamellketas 150\/40"},"content":{"rendered":"<h3 data-path-to-node=\"4\"><b data-path-to-node=\"4\" data-index-in-node=\"0\">Toote omadused<\/b><\/h3>\n<ul data-path-to-node=\"5\">\n<li>\n<p data-path-to-node=\"5,0,0\"><b data-path-to-node=\"5,0,0\" data-index-in-node=\"0\"><span class=\"citation-660\">K\u00f5rge tootlikkus:<\/span><\/b><span class=\"citation-660 citation-end-660\"> Kuni 50% kiirem materjali eemaldamine kui tavalistel lamellketastel.<\/span><\/p>\n<\/li>\n<li>\n<p data-path-to-node=\"5,1,0\"><b data-path-to-node=\"5,1,0\" data-index-in-node=\"0\">Jahutav efekt:<\/b> Sisaldab spetsiaalseid jahutusaineid, mis takistavad materjali \u00fclekuumenemist.<\/p>\n<\/li>\n<li>\n<p data-path-to-node=\"5,2,0\"><b data-path-to-node=\"5,2,0\" data-index-in-node=\"0\">Toiduohutu tald:<\/b> Elastne ABS-plastist tugiplaat on klaaskiuvaba, vibratsiooni summutav ja kergesti trimmitav, v\u00f5imaldades ketta t\u00e4ielikku \u00e4rakasutamist.<\/p>\n<\/li>\n<li>\n<p data-path-to-node=\"5,3,0\"><b data-path-to-node=\"5,3,0\" data-index-in-node=\"0\">Universaalne:<\/b><span class=\"citation-659 citation-end-659\"> Sobib ideaalselt nii terase kui ka roostevaba terase (INOX) lihvimiseks, kraatamiseks, keevis\u00f5mbluste t\u00f6\u00f6tlemiseks ja rooste eemaldamiseks.<\/span><\/p>\n<\/li>\n<li>\n<p data-path-to-node=\"5,4,0\"><b data-path-to-node=\"5,4,0\" data-index-in-node=\"0\">Asendab mitut t\u00f6\u00f6riista:<\/b> Suurep\u00e4rane alternatiiv nii fiiberketastele kui ka tavalistele k\u00e4iaketastele.<\/p>\n<\/li>\n<li>\n<table data-path-to-node=\"8\">\n<thead>\n<tr>\n<td><strong>N\u00e4itaja<\/strong><\/td>\n<td><strong>Kirjeldus<\/strong><\/td>\n<\/tr>\n<\/thead>\n<tbody>\n<tr>\n<td><span data-path-to-node=\"8,1,0,0\"><b data-path-to-node=\"8,1,0,0\" data-index-in-node=\"0\">Toote t\u00fc\u00fcp<\/b><\/span><\/td>\n<td><span data-path-to-node=\"8,1,1,0\">K\u00f5rgej\u00f5udlusega lamellketas<\/span><\/td>\n<\/tr>\n<tr>\n<td><span data-path-to-node=\"8,2,0,0\"><b data-path-to-node=\"8,2,0,0\" data-index-in-node=\"0\">Lihvmaterjal<\/b><\/span><\/td>\n<td><span data-path-to-node=\"8,2,1,0\">RZ-tsirkooniumkangas + jahutusained<\/span><\/td>\n<\/tr>\n<tr>\n<td><span data-path-to-node=\"8,3,0,0\"><b data-path-to-node=\"8,3,0,0\" data-index-in-node=\"0\">Tugimaterjal<\/b><\/span><\/td>\n<td><span data-path-to-node=\"8,3,1,0\">ABS spetsiaalplast (klaaskiuvaba)<\/span><\/td>\n<\/tr>\n<tr>\n<td><span data-path-to-node=\"8,4,0,0\"><b data-path-to-node=\"8,4,0,0\" data-index-in-node=\"0\">Teralisused<\/b><\/span><\/td>\n<td><span data-path-to-node=\"8,4,1,0\">40, 60, 80, 120<\/span><\/td>\n<\/tr>\n<tr>\n<td><span data-path-to-node=\"8,5,0,0\"><b data-path-to-node=\"8,5,0,0\" data-index-in-node=\"0\">M\u00f5\u00f5dud (\u00d8)<\/b><\/span><\/td>\n<td><span data-path-to-node=\"8,5,1,0\">115, 125, 178 mm<\/span><\/td>\n<\/tr>\n<tr>\n<td><span data-path-to-node=\"8,6,0,0\"><b data-path-to-node=\"8,6,0,0\" data-index-in-node=\"0\">Kinnitus (Arbor)<\/b><\/span><\/td>\n<td><span data-path-to-node=\"8,6,1,0\">22,2 mm<\/span><\/td>\n<\/tr>\n<tr>\n<td><span data-path-to-node=\"8,7,0,0\"><b data-path-to-node=\"8,7,0,0\" data-index-in-node=\"0\">Kuju<\/b><\/span><\/td>\n<td><span data-path-to-node=\"8,7,1,0\">5\u00b0 nurga all<\/span><\/td>\n<\/tr>\n<tr>\n<td><span data-path-to-node=\"8,8,0,0\"><b data-path-to-node=\"8,8,0,0\" data-index-in-node=\"0\">Sertifikaat<\/b><\/span><\/td>\n<td><span data-path-to-node=\"8,8,1,0\">80 m\/sec (DIN EN13743)<\/span><\/td>\n<\/tr>\n<\/tbody>\n<\/table>\n<\/li>\n<\/ul>\n","protected":false},"excerpt":{"rendered":"<p data-path-to-node=\"2\"><b data-path-to-node=\"2\" data-index-in-node=\"0\">MAGNUM\u00ae Cool Top 5+<\/b> on legendaarne suure j\u00f5udlusega lamellketas, mis on tuntud oma erakordselt pika t\u00f6\u00f6ea ja kiire materjali eemaldamise poolest. <span class=\"citation-661 citation-end-661\">T\u00e4nu keraamilistele jahutusainetele ja spetsiaalsele tsirkooniumkangale tagab see kuni 50% kiirema t\u00f6\u00f6 ja jahedama lihvimisprotsessi, olles hinna ja kvaliteedi suhte poolest oma klassi etaloniks.<\/span><\/p>\n<div class=\"source-inline-chip-container ng-star-inserted\"><\/div>\n<h3 data-path-to-node=\"4\"><\/h3>\n","protected":false},"featured_media":682,"comment_status":"open","ping_status":"closed","template":"","meta":[],"product_brand":[],"product_cat":[69],"product_tag":[],"class_list":{"0":"post-681","1":"product","2":"type-product","3":"status-publish","4":"has-post-thumbnail","6":"product_cat-kettad","8":"first","9":"instock","10":"shipping-taxable","11":"purchasable","12":"product-type-simple"},"jetpack_sharing_enabled":true,"_links":{"self":[{"href":"https:\/\/letrum.ee\/index.php?rest_route=\/wp\/v2\/product\/681","targetHints":{"allow":["GET"]}}],"collection":[{"href":"https:\/\/letrum.ee\/index.php?rest_route=\/wp\/v2\/product"}],"about":[{"href":"https:\/\/letrum.ee\/index.php?rest_route=\/wp\/v2\/types\/product"}],"replies":[{"embeddable":true,"href":"https:\/\/letrum.ee\/index.php?rest_route=%2Fwp%2Fv2%2Fcomments&post=681"}],"wp:featuredmedia":[{"embeddable":true,"href":"https:\/\/letrum.ee\/index.php?rest_route=\/wp\/v2\/media\/682"}],"wp:attachment":[{"href":"https:\/\/letrum.ee\/index.php?rest_route=%2Fwp%2Fv2%2Fmedia&parent=681"}],"wp:term":[{"taxonomy":"product_brand","embeddable":true,"href":"https:\/\/letrum.ee\/index.php?rest_route=%2Fwp%2Fv2%2Fproduct_brand&post=681"},{"taxonomy":"product_cat","embeddable":true,"href":"https:\/\/letrum.ee\/index.php?rest_route=%2Fwp%2Fv2%2Fproduct_cat&post=681"},{"taxonomy":"product_tag","embeddable":true,"href":"https:\/\/letrum.ee\/index.php?rest_route=%2Fwp%2Fv2%2Fproduct_tag&post=681"}],"curies":[{"name":"wp","href":"https:\/\/api.w.org\/{rel}","templated":true}]}}