{"id":298,"date":"2025-08-14T10:30:45","date_gmt":"2025-08-14T10:30:45","guid":{"rendered":"https:\/\/letrum.ee\/?post_type=product&#038;p=298"},"modified":"2025-08-21T08:13:22","modified_gmt":"2025-08-21T08:13:22","slug":"nielseni-interior-cleaner","status":"publish","type":"product","link":"https:\/\/letrum.ee\/?product=nielseni-interior-cleaner","title":{"rendered":"Nielseni Interior Cleaner"},"content":{"rendered":"<p>\u2705 Peamised omadused ja eelised<br \/>\nMitmeotstarbeline puhastus: sobib nii polstri, tekstiilide kui plastikdetailide puhastamiseks, tagades laitmatu tulemuse .<\/p>\n<p>T\u00f5hus plekkide eemaldamine: eemaldab ka kangekaelseid plekke nagu toidut\u00e4pid v\u00f5i niiskusest tekkinud laigud.<\/p>\n<p>Sobib v\u00e4listingimustesse: v\u00f5ib kasutada ka auto v\u00e4lispinnal putukaj\u00e4\u00e4kide eemaldamiseks \u2014 lase tootel m\u00f5ne minuti jooksul toimida .<\/p>\n<p>\u00d5rn efekt: ei immuta materjale \u00fcleliigselt \u2014 v\u00e4ldi polstrite niisket kuivamist.<\/p>\n<p>\ufe0f Tehnilised andmed ja pakend<br \/>\nTootekood: R906<\/p>\n<p>Maht: 500\u202fml pihustuspakendis <\/p>\n<p>V\u00e4rvus: Hele, l\u00e4bipaistev toituvusainedeta vedelik.<\/p>\n<p>Saadavus: Hetkel veebitellimine peatatud, aga toode on pakkumine kaudu p\u00e4ringuvormi v\u00f5i 13 \u00a3 hinnaga UK jaem\u00fc\u00fcgis .<\/p>\n<p> Kasutusjuhend<br \/>\nDefineeri pind: pihusta puhtale pinnale.<\/p>\n<p>Oota ~30 sek\u20131 minutit, et toode toimiks.<\/p>\n<p>Agiteeri pehme niiske lapiga.<\/p>\n<p>Eemalda niiske lapiga ja l\u00f5peta kuivalt \u2014 v\u00e4ldi materjali \u00fcleujutamist eriti tekstiilide puhul .<\/p>\n<p> Miks valida Interior Cleaner?<br \/>\nProfessionaalne tulemus: eemaldab mustuse ja plekid, j\u00e4ttes pinna salongile sobiva puhtuse.<\/p>\n<p>Multifunktsionaalne: sobib nii interj\u00f6\u00f6ri kui ka v\u00e4lispindade puhastamiseks.<\/p>\n<p>Lihtne ja kiire kasutada: pihusti-puhasta-kuivata \u2014 ideaalne detailing-loomiseks.<\/p>\n","protected":false},"excerpt":{"rendered":"<p>\u2705 Peamised omadused ja eelised Mitmeotstarbeline puhastus: sobib nii polstri, tekstiilide kui plastikdetailide puhastamiseks, tagades laitmatu tulemuse . T\u00f5hus plekkide eemaldamine: eemaldab ka kangekaelseid plekke nagu toidut\u00e4pid v\u00f5i niiskusest tekkinud laigud. Sobib v\u00e4listingimustesse: v\u00f5ib kasutada ka auto v\u00e4lispinnal putukaj\u00e4\u00e4kide eemaldamiseks \u2014 lase tootel m\u00f5ne minuti jooksul toimida . \u00d5rn efekt: ei immuta materjale \u00fcleliigselt \u2014 v\u00e4ldi polstrite niisket kuivamist. \ufe0f Tehnilised andmed ja pakend Tootekood: R906 Maht: 500\u202fml pihustuspakendis V\u00e4rvus: Hele, l\u00e4bipaistev toituvusainedeta vedelik. Saadavus: Hetkel veebitellimine peatatud, aga toode on pakkumine kaudu p\u00e4ringuvormi v\u00f5i 13 \u00a3 hinnaga UK jaem\u00fc\u00fcgis . Kasutusjuhend Defineeri pind: pihusta puhtale pinnale. Oota ~30 sek\u20131 minutit, et toode toimiks. Agiteeri pehme niiske lapiga. Eemalda niiske lapiga ja l\u00f5peta kuivalt \u2014 v\u00e4ldi materjali \u00fcleujutamist eriti tekstiilide puhul . Miks valida Interior Cleaner? Professionaalne tulemus: eemaldab mustuse ja plekid, j\u00e4ttes pinna salongile sobiva puhtuse. Multifunktsionaalne: sobib nii interj\u00f6\u00f6ri kui ka v\u00e4lispindade puhastamiseks. Lihtne ja kiire kasutada: pihusti-puhasta-kuivata \u2014 ideaalne detailing-loomiseks.<\/p>\n","protected":false},"featured_media":304,"comment_status":"open","ping_status":"closed","template":"","meta":[],"product_brand":[51],"product_cat":[15,71,56],"product_tag":[],"class_list":{"0":"post-298","1":"product","2":"type-product","3":"status-publish","4":"has-post-thumbnail","6":"product_brand-nielsen","7":"product_cat-uncategorized","8":"product_cat-salongi-puhastus","9":"product_cat-soidukite-pesu-ja-puhastus","11":"first","12":"instock","13":"shipping-taxable","14":"purchasable","15":"product-type-simple"},"jetpack_sharing_enabled":true,"_links":{"self":[{"href":"https:\/\/letrum.ee\/index.php?rest_route=\/wp\/v2\/product\/298","targetHints":{"allow":["GET"]}}],"collection":[{"href":"https:\/\/letrum.ee\/index.php?rest_route=\/wp\/v2\/product"}],"about":[{"href":"https:\/\/letrum.ee\/index.php?rest_route=\/wp\/v2\/types\/product"}],"replies":[{"embeddable":true,"href":"https:\/\/letrum.ee\/index.php?rest_route=%2Fwp%2Fv2%2Fcomments&post=298"}],"wp:featuredmedia":[{"embeddable":true,"href":"https:\/\/letrum.ee\/index.php?rest_route=\/wp\/v2\/media\/304"}],"wp:attachment":[{"href":"https:\/\/letrum.ee\/index.php?rest_route=%2Fwp%2Fv2%2Fmedia&parent=298"}],"wp:term":[{"taxonomy":"product_brand","embeddable":true,"href":"https:\/\/letrum.ee\/index.php?rest_route=%2Fwp%2Fv2%2Fproduct_brand&post=298"},{"taxonomy":"product_cat","embeddable":true,"href":"https:\/\/letrum.ee\/index.php?rest_route=%2Fwp%2Fv2%2Fproduct_cat&post=298"},{"taxonomy":"product_tag","embeddable":true,"href":"https:\/\/letrum.ee\/index.php?rest_route=%2Fwp%2Fv2%2Fproduct_tag&post=298"}],"curies":[{"name":"wp","href":"https:\/\/api.w.org\/{rel}","templated":true}]}}