{"id":264,"date":"2025-08-14T10:30:37","date_gmt":"2025-08-14T10:30:37","guid":{"rendered":"https:\/\/letrum.ee\/?post_type=product&#038;p=264"},"modified":"2025-08-14T10:30:39","modified_gmt":"2025-08-14T10:30:39","slug":"a014-dri-lube","status":"publish","type":"product","link":"https:\/\/letrum.ee\/?product=a014-dri-lube","title":{"rendered":"A014 DRI LUBE"},"content":{"rendered":"<p><span style=\"font-size: medium;\"><strong>Dri-lube<\/strong> on PTFE-baasil kuiv m\u00e4\u00e4re, mis on v\u00e4lja t\u00f6\u00f6tatud tingimustesse, kus traditsioonilised m\u00e4\u00e4rded pole kasutatavad kuna v\u00f5ivad tekitada plekke ja koguvad tolmu ja mustust.<\/span><\/p>\n<p><span style=\"font-size: medium;\"><u>KASUTUSKOHAD<\/u><\/span><\/p>\n<p><span style=\"font-size: medium;\">Dri-lube on ideaalne tingimustesse, kus on tolmu v\u00f5i mustust ja kus on vajalik happekindlus.<\/span><\/p>\n<p><span style=\"font-size: medium;\"><span lang=\"en-US\">Seda v\u00f5ib kasutada liidetel ja \u00fchendustel, hingedel, rooliv\u00f5imendil, saelehtedel, keermestatud \u00fchendustel, rullikutel, tr\u00fckkimise ja pakendamise seadmetel, kapidel ja sahtlitel ja k\u00f5ikjal, kus kuiv m\u00e4\u00e4rdeaine on kasutamiseks parem.<\/span><\/span><\/p>\n<p>Ohutuskaart<\/p>\n","protected":false},"excerpt":{"rendered":"<p>PTFE baasil kuiv m\u00e4\u00e4re<\/p>\n","protected":false},"featured_media":0,"comment_status":"open","ping_status":"closed","template":"","meta":[],"product_brand":[],"product_cat":[15],"product_tag":[],"class_list":{"0":"post-264","1":"product","2":"type-product","3":"status-publish","5":"product_cat-uncategorized","7":"first","8":"instock","9":"sale","10":"shipping-taxable","11":"purchasable","12":"product-type-simple"},"jetpack_sharing_enabled":true,"_links":{"self":[{"href":"https:\/\/letrum.ee\/index.php?rest_route=\/wp\/v2\/product\/264","targetHints":{"allow":["GET"]}}],"collection":[{"href":"https:\/\/letrum.ee\/index.php?rest_route=\/wp\/v2\/product"}],"about":[{"href":"https:\/\/letrum.ee\/index.php?rest_route=\/wp\/v2\/types\/product"}],"replies":[{"embeddable":true,"href":"https:\/\/letrum.ee\/index.php?rest_route=%2Fwp%2Fv2%2Fcomments&post=264"}],"wp:attachment":[{"href":"https:\/\/letrum.ee\/index.php?rest_route=%2Fwp%2Fv2%2Fmedia&parent=264"}],"wp:term":[{"taxonomy":"product_brand","embeddable":true,"href":"https:\/\/letrum.ee\/index.php?rest_route=%2Fwp%2Fv2%2Fproduct_brand&post=264"},{"taxonomy":"product_cat","embeddable":true,"href":"https:\/\/letrum.ee\/index.php?rest_route=%2Fwp%2Fv2%2Fproduct_cat&post=264"},{"taxonomy":"product_tag","embeddable":true,"href":"https:\/\/letrum.ee\/index.php?rest_route=%2Fwp%2Fv2%2Fproduct_tag&post=264"}],"curies":[{"name":"wp","href":"https:\/\/api.w.org\/{rel}","templated":true}]}}