{"id":251,"date":"2025-08-14T10:30:36","date_gmt":"2025-08-14T10:30:36","guid":{"rendered":"https:\/\/letrum.ee\/?post_type=product&#038;p=251"},"modified":"2025-08-14T10:30:38","modified_gmt":"2025-08-14T10:30:38","slug":"transport-5000","status":"publish","type":"product","link":"https:\/\/letrum.ee\/?product=transport-5000","title":{"rendered":"TRANSPORT 5000"},"content":{"rendered":"<p lang=\"en-GB\"><span style=\"font-size: large;\"><b>Eellahjendatav kontsentraat teemustuse eemaldamiseks.<\/b><\/span><\/p>\n<p lang=\"en-GB\"><span style=\"font-size: large;\"><b>Iseloomustus:<\/b><\/span><\/p>\n<p lang=\"en-US\">Transport 5000 on k\u00f5rgelt kontsentreeritud teemustuse eemaldaja, mis on spetsiaalselt valmistatud v\u00e4ikestes kogustes kasutamiseks s\u00f5idukite raskesti m\u00e4\u00e4rdunud piirkondadel. Aine eemaldab \u00f5li, rasva, teemustuse s\u00f5idukitelt.<\/p>\n<p lang=\"en-US\">V\u00f5ib kasutada ka s\u00f5idukiraamide puhastamiseks.<\/p>\n<p lang=\"en-US\">*Tugev puhastusv\u00f5ime<\/p>\n<p lang=\"en-US\">*Suurep\u00e4rased lahjendusv\u00f5imalused.<\/p>\n<p lang=\"en-US\">*Suurep\u00e4rane rasvaeemaldaja<\/p>\n<p lang=\"en-US\">*S\u00e4\u00e4stlik<\/p>\n<p lang=\"en-GB\"><span style=\"font-size: large;\"><b>Kasutamine:<\/b><\/span><\/p>\n<p lang=\"en-GB\">Kasutatakse survepesuris eellahjendatuna vahekorras 1:2,5 kuni 1:6 d\u00fc\u00fcsiosas l\u00f5pliku seguna 0,25% kuni 0,5%.<\/p>\n<p lang=\"en-GB\">K\u00e4sitsi pealekandmisel kasutada lahjendatuna vahekorras 1:20 kuni 1:100, s\u00f5ltuvalt pindade m\u00e4\u00e4rdumisastmest.<\/p>\n<p lang=\"en-US\">Kandke Transport 5000 (sobivalt lahjendatuna) s\u00f5idukile suunaga \u00fclevalt alla. Kindlustage l\u00fchiajaline kontakt. Pesta maha survepesuriga v\u00f5i shampooniga. \u00c4rge laske ainel v\u00e4rvile kuivada!<\/p>\n<p><span lang=\"en-US\">Kasutuskohad: v\u00e4rv, rattad, motor, p\u00f5randad jne. <\/span><span lang=\"en-US\"><b>pH: 13,5<\/b><\/span><\/p>\n<p><a href=\"https:\/\/letrum.ee\/wp-content\/uploads\/2018\/10\/transport_5000_ohutuskaart.pdf\" target=\"_blank\" rel=\"noopener\">Ohutuskaart<\/a><\/p>\n","protected":false},"excerpt":{"rendered":"<p>Eellahjendatav kontsentraat teemustuse eemaldamiseks.<\/p>\n","protected":false},"featured_media":0,"comment_status":"open","ping_status":"closed","template":"","meta":[],"product_brand":[],"product_cat":[15],"product_tag":[],"class_list":{"0":"post-251","1":"product","2":"type-product","3":"status-publish","5":"product_cat-uncategorized","7":"first","8":"instock","9":"shipping-taxable","10":"purchasable","11":"product-type-simple"},"jetpack_sharing_enabled":true,"_links":{"self":[{"href":"https:\/\/letrum.ee\/index.php?rest_route=\/wp\/v2\/product\/251","targetHints":{"allow":["GET"]}}],"collection":[{"href":"https:\/\/letrum.ee\/index.php?rest_route=\/wp\/v2\/product"}],"about":[{"href":"https:\/\/letrum.ee\/index.php?rest_route=\/wp\/v2\/types\/product"}],"replies":[{"embeddable":true,"href":"https:\/\/letrum.ee\/index.php?rest_route=%2Fwp%2Fv2%2Fcomments&post=251"}],"wp:attachment":[{"href":"https:\/\/letrum.ee\/index.php?rest_route=%2Fwp%2Fv2%2Fmedia&parent=251"}],"wp:term":[{"taxonomy":"product_brand","embeddable":true,"href":"https:\/\/letrum.ee\/index.php?rest_route=%2Fwp%2Fv2%2Fproduct_brand&post=251"},{"taxonomy":"product_cat","embeddable":true,"href":"https:\/\/letrum.ee\/index.php?rest_route=%2Fwp%2Fv2%2Fproduct_cat&post=251"},{"taxonomy":"product_tag","embeddable":true,"href":"https:\/\/letrum.ee\/index.php?rest_route=%2Fwp%2Fv2%2Fproduct_tag&post=251"}],"curies":[{"name":"wp","href":"https:\/\/api.w.org\/{rel}","templated":true}]}}