{"id":175,"date":"2025-08-14T10:30:18","date_gmt":"2025-08-14T10:30:18","guid":{"rendered":"https:\/\/letrum.ee\/?post_type=product&#038;p=175"},"modified":"2025-08-21T08:28:02","modified_gmt":"2025-08-21T08:28:02","slug":"jasic-mig-200-synergic-inverterkomplekt","status":"publish","type":"product","link":"https:\/\/letrum.ee\/?product=jasic-mig-200-synergic-inverterkomplekt","title":{"rendered":"JASIC MIG 200 Synergic Inverter(komplekt)"},"content":{"rendered":"<p>T\u00e4iustatud s\u00fcnergiline juhtimine (parameetrid valitakse automaatselt)<\/p>\n<p>IGBT MIG\/MMA\/Lift TIG-keevitus mitme protsessiga<\/p>\n<p>Valdkonna juhtiv keevitusjuhtimiss\u00fcsteem<\/p>\n<p>Iseseisev kraatri t\u00e4itmise funktsioon<\/p>\n<p>Digitaalne v\u00f5imendi ja voltmeeter<\/p>\n<p>VRD operaatori ohutuse suurendamiseks (valikuline)<\/p>\n<p>Stabiilne kaar ja usaldusv\u00e4\u00e4rne keevitusj\u00f5udlus<\/p>\n<p>T\u00f6\u00f6sagedus on v\u00e4ljaspool helivahemikku, mis v\u00e4hendab oluliselt m\u00fcrasaastet<\/p>\n<p>Lihtne kaare k\u00e4ivitamine, v\u00e4hem pritsmeid, stabiilne vool ja suurep\u00e4rane keevistera kuju<\/p>\n<p>Sobib 0,6\/0,8\/1,0 mm MIG-keevitustraadile<\/p>\n<p>Kompaktne, kerge ja kaasaegne MIG-inverter<\/p>\n<p>Automaatne tagasip\u00f5letuse juhtimine<\/p>\n<p>Wire-Inch ja Gas Check funktsioonid<\/p>\n<p>2T\/4T keevitusre\u017eiim<\/p>\n<p>Advanced Lift kaars\u00fc\u00fcte TIG-keevitusre\u017eiimis.<\/p>\n<p>Kuumk\u00e4ivitusega kaars\u00fc\u00fcte MMA (Stick) keevitusre\u017eiimis<\/p>\n<p>Veekindel, antistaatiline ja korrosioonivastane disain<\/p>\n<p>Ideaalne tootmiseks, objektil t\u00f6\u00f6tamiseks ja hoolduseks<\/p>\n","protected":false},"excerpt":{"rendered":"<p>T\u00e4iustatud s\u00fcnergiline juhtimine (parameetrid valitakse automaatselt) IGBT MIG\/MMA\/Lift TIG-keevitus mitme protsessiga Valdkonna juhtiv keevitusjuhtimiss\u00fcsteem Iseseisev kraatri t\u00e4itmise funktsioon Digitaalne v\u00f5imendi ja voltmeeter VRD operaatori ohutuse suurendamiseks (valikuline) Stabiilne kaar ja usaldusv\u00e4\u00e4rne keevitusj\u00f5udlus T\u00f6\u00f6sagedus on v\u00e4ljaspool helivahemikku, mis v\u00e4hendab oluliselt m\u00fcrasaastet Lihtne kaare k\u00e4ivitamine, v\u00e4hem pritsmeid, stabiilne vool ja suurep\u00e4rane keevistera kuju Sobib 0,6\/0,8\/1,0 mm MIG-keevitustraadile Kompaktne, kerge ja kaasaegne MIG-inverter Automaatne tagasip\u00f5letuse juhtimine Wire-Inch ja Gas Check funktsioonid 2T\/4T keevitusre\u017eiim Advanced Lift kaars\u00fc\u00fcte TIG-keevitusre\u017eiimis. Kuumk\u00e4ivitusega kaars\u00fc\u00fcte MMA (Stick) keevitusre\u017eiimis Veekindel, antistaatiline ja korrosioonivastane disain Ideaalne tootmiseks, objektil t\u00f6\u00f6tamiseks ja hoolduseks<\/p>\n","protected":false},"featured_media":187,"comment_status":"open","ping_status":"closed","template":"","meta":[],"product_brand":[],"product_cat":[15,61,52,54],"product_tag":[],"class_list":{"0":"post-175","1":"product","2":"type-product","3":"status-publish","4":"has-post-thumbnail","6":"product_cat-uncategorized","7":"product_cat-keevitus","8":"product_cat-keevitusmasinad","9":"product_cat-mig","11":"first","12":"instock","13":"sale","14":"shipping-taxable","15":"purchasable","16":"product-type-simple"},"jetpack_sharing_enabled":true,"_links":{"self":[{"href":"https:\/\/letrum.ee\/index.php?rest_route=\/wp\/v2\/product\/175","targetHints":{"allow":["GET"]}}],"collection":[{"href":"https:\/\/letrum.ee\/index.php?rest_route=\/wp\/v2\/product"}],"about":[{"href":"https:\/\/letrum.ee\/index.php?rest_route=\/wp\/v2\/types\/product"}],"replies":[{"embeddable":true,"href":"https:\/\/letrum.ee\/index.php?rest_route=%2Fwp%2Fv2%2Fcomments&post=175"}],"wp:featuredmedia":[{"embeddable":true,"href":"https:\/\/letrum.ee\/index.php?rest_route=\/wp\/v2\/media\/187"}],"wp:attachment":[{"href":"https:\/\/letrum.ee\/index.php?rest_route=%2Fwp%2Fv2%2Fmedia&parent=175"}],"wp:term":[{"taxonomy":"product_brand","embeddable":true,"href":"https:\/\/letrum.ee\/index.php?rest_route=%2Fwp%2Fv2%2Fproduct_brand&post=175"},{"taxonomy":"product_cat","embeddable":true,"href":"https:\/\/letrum.ee\/index.php?rest_route=%2Fwp%2Fv2%2Fproduct_cat&post=175"},{"taxonomy":"product_tag","embeddable":true,"href":"https:\/\/letrum.ee\/index.php?rest_route=%2Fwp%2Fv2%2Fproduct_tag&post=175"}],"curies":[{"name":"wp","href":"https:\/\/api.w.org\/{rel}","templated":true}]}}