{"id":170,"date":"2025-08-14T10:30:18","date_gmt":"2025-08-14T10:30:18","guid":{"rendered":"https:\/\/letrum.ee\/?post_type=product&#038;p=170"},"modified":"2025-08-14T10:30:19","modified_gmt":"2025-08-14T10:30:19","slug":"keevituspritsmete-torje-sprey-cw-9544tk","status":"publish","type":"product","link":"https:\/\/letrum.ee\/?product=keevituspritsmete-torje-sprey-cw-9544tk","title":{"rendered":"Keevituspritsmete t\u00f5rje sprey CW 9544(tk)"},"content":{"rendered":"<p>Taime\u00f5lide baasil pritsmet\u00f5rje aerosool t\u00f6\u00f6vahenditele ja keevituspindadele. Sobib eelk\u00f5ige keevitusotsikute kaitseks kuna n\u00f5uab enne pinna viimistlust j\u00e4\u00e4kide eemaldamist.<\/p>\n<p>Tarne\u00fchik: 12 x 400 ml<\/p>\n","protected":false},"excerpt":{"rendered":"<p>Taime\u00f5lide baasil pritsmet\u00f5rje aerosool t\u00f6\u00f6vahenditele ja keevituspindadele. Sobib eelk\u00f5ige keevitusotsikute kaitseks kuna n\u00f5uab enne pinna viimistlust j\u00e4\u00e4kide eemaldamist. Tarne\u00fchik: 12 x 400 ml<\/p>\n","protected":false},"featured_media":0,"comment_status":"open","ping_status":"closed","template":"","meta":[],"product_brand":[],"product_cat":[15],"product_tag":[],"class_list":{"0":"post-170","1":"product","2":"type-product","3":"status-publish","5":"product_cat-uncategorized","7":"first","8":"instock","9":"shipping-taxable","10":"purchasable","11":"product-type-simple"},"jetpack_sharing_enabled":true,"_links":{"self":[{"href":"https:\/\/letrum.ee\/index.php?rest_route=\/wp\/v2\/product\/170","targetHints":{"allow":["GET"]}}],"collection":[{"href":"https:\/\/letrum.ee\/index.php?rest_route=\/wp\/v2\/product"}],"about":[{"href":"https:\/\/letrum.ee\/index.php?rest_route=\/wp\/v2\/types\/product"}],"replies":[{"embeddable":true,"href":"https:\/\/letrum.ee\/index.php?rest_route=%2Fwp%2Fv2%2Fcomments&post=170"}],"wp:attachment":[{"href":"https:\/\/letrum.ee\/index.php?rest_route=%2Fwp%2Fv2%2Fmedia&parent=170"}],"wp:term":[{"taxonomy":"product_brand","embeddable":true,"href":"https:\/\/letrum.ee\/index.php?rest_route=%2Fwp%2Fv2%2Fproduct_brand&post=170"},{"taxonomy":"product_cat","embeddable":true,"href":"https:\/\/letrum.ee\/index.php?rest_route=%2Fwp%2Fv2%2Fproduct_cat&post=170"},{"taxonomy":"product_tag","embeddable":true,"href":"https:\/\/letrum.ee\/index.php?rest_route=%2Fwp%2Fv2%2Fproduct_tag&post=170"}],"curies":[{"name":"wp","href":"https:\/\/api.w.org\/{rel}","templated":true}]}}